{"id":118,"date":"2023-01-20T17:11:12","date_gmt":"2023-01-20T17:11:12","guid":{"rendered":"https:\/\/erikskarbaroux.com\/?page_id=118"},"modified":"2023-11-08T10:40:41","modified_gmt":"2023-11-08T10:40:41","slug":"video","status":"publish","type":"page","link":"https:\/\/erikskarbaroux.com\/?page_id=118","title":{"rendered":"VIDEO"},"content":{"rendered":"\n<p class=\"has-medium-font-size\"><strong>&#8220;My Yellow Renault 5&#8221;<\/strong><\/p>\n\n\n\n<figure class=\"wp-block-embed is-type-video is-provider-youtube wp-block-embed-youtube wp-embed-aspect-16-9 wp-has-aspect-ratio\"><div class=\"wp-block-embed__wrapper\">\n<iframe loading=\"lazy\" title=\"&#039;MY YELLOW RENAULT 5&#039;  by Erik Skar Baroux feat Ingrid Courr\u00e8ges\" width=\"950\" height=\"534\" src=\"https:\/\/www.youtube.com\/embed\/neeE0-wjIuM?feature=oembed\" frameborder=\"0\" allow=\"accelerometer; autoplay; clipboard-write; encrypted-media; gyroscope; picture-in-picture; web-share\" allowfullscreen><\/iframe>\n<\/div><\/figure>\n\n\n\n<hr class=\"wp-block-separator has-alpha-channel-opacity is-style-wide\"\/>\n\n\n\n<p class=\"has-medium-font-size\"><strong>&#8220;Comme si c&#8217;\u00e9tait comme \u00e7a&#8221; lyric video :<\/strong><\/p>\n\n\n\n<figure class=\"wp-block-embed is-type-video is-provider-youtube wp-block-embed-youtube wp-embed-aspect-16-9 wp-has-aspect-ratio\"><div class=\"wp-block-embed__wrapper\">\n<iframe loading=\"lazy\" title=\"&quot;COMME SI C&#039;\u00c9TAIT COMME \u00c7A&quot;  by Erik Skar Baroux &amp; La Fran\u00e7aise - Official Lyric Video\" width=\"950\" height=\"534\" src=\"https:\/\/www.youtube.com\/embed\/UDGght9yEM8?feature=oembed\" frameborder=\"0\" allow=\"accelerometer; autoplay; clipboard-write; encrypted-media; gyroscope; picture-in-picture; web-share\" allowfullscreen><\/iframe>\n<\/div><\/figure>\n\n\n\n<hr class=\"wp-block-separator has-alpha-channel-opacity is-style-wide\"\/>\n\n\n\n<p class=\"has-medium-font-size\">&#8220;<strong>Zo\u00e9 (Comme elle est belle)<\/strong>&#8220;<\/p>\n\n\n\n<figure class=\"wp-block-embed is-type-video is-provider-youtube wp-block-embed-youtube wp-embed-aspect-16-9 wp-has-aspect-ratio\"><div class=\"wp-block-embed__wrapper\">\n<iframe loading=\"lazy\" title=\"Zo\u00e9 comme elle est belle (Baroux-Abbas \/ La Fran\u00e7aise)\" width=\"950\" height=\"534\" src=\"https:\/\/www.youtube.com\/embed\/2rGHidFZSNs?feature=oembed\" frameborder=\"0\" allow=\"accelerometer; autoplay; clipboard-write; encrypted-media; gyroscope; picture-in-picture; web-share\" allowfullscreen><\/iframe>\n<\/div><\/figure>\n\n\n\n<hr class=\"wp-block-separator has-alpha-channel-opacity is-style-wide\"\/>\n\n\n\n<p class=\"has-medium-font-size\"><strong>&#8220;You Are My Private Angel&#8221; (acoustic version in Marrakech)<\/strong><\/p>\n\n\n\n<figure class=\"wp-block-embed is-type-video is-provider-youtube wp-block-embed-youtube wp-embed-aspect-16-9 wp-has-aspect-ratio\"><div class=\"wp-block-embed__wrapper\">\n<iframe loading=\"lazy\" title=\"YOU ARE MY PRIVATE ANGEL  ( ACOUSTIC )\" width=\"950\" height=\"534\" src=\"https:\/\/www.youtube.com\/embed\/G9ZX9WCsTyI?feature=oembed\" frameborder=\"0\" allow=\"accelerometer; autoplay; clipboard-write; encrypted-media; gyroscope; picture-in-picture; web-share\" allowfullscreen><\/iframe>\n<\/div><\/figure>\n\n\n\n<hr class=\"wp-block-separator has-alpha-channel-opacity is-style-wide\"\/>\n\n\n\n<p class=\"has-medium-font-size\"><strong>&#8220;Bed And Breakfast In Paradise&#8221;<\/strong><\/p>\n\n\n\n<figure class=\"wp-block-embed is-type-video is-provider-youtube wp-block-embed-youtube wp-embed-aspect-16-9 wp-has-aspect-ratio\"><div class=\"wp-block-embed__wrapper\">\n<iframe loading=\"lazy\" title=\"BED AND BREAKFAST IN PARADISE \/ LA FRAN\u00e7AISE\" width=\"950\" height=\"534\" src=\"https:\/\/www.youtube.com\/embed\/FBm4FIo_L_E?feature=oembed\" frameborder=\"0\" allow=\"accelerometer; autoplay; clipboard-write; encrypted-media; gyroscope; picture-in-picture; web-share\" allowfullscreen><\/iframe>\n<\/div><\/figure>\n\n\n\n<hr class=\"wp-block-separator has-alpha-channel-opacity is-style-wide\"\/>\n\n\n\n<p class=\"has-medium-font-size\"><strong>&#8220;M\u00e9nilmontant&#8221;<\/strong><\/p>\n\n\n\n<figure class=\"wp-block-embed is-type-video is-provider-youtube wp-block-embed-youtube wp-embed-aspect-16-9 wp-has-aspect-ratio\"><div class=\"wp-block-embed__wrapper\">\n<iframe loading=\"lazy\" title=\"LE FRAN\u00e7AIS - MENILMONTANT\" width=\"950\" height=\"534\" src=\"https:\/\/www.youtube.com\/embed\/IiY3rQqabuc?feature=oembed\" frameborder=\"0\" allow=\"accelerometer; autoplay; clipboard-write; encrypted-media; gyroscope; picture-in-picture; web-share\" allowfullscreen><\/iframe>\n<\/div><\/figure>\n\n\n\n<hr class=\"wp-block-separator has-alpha-channel-opacity is-style-wide\"\/>\n\n\n\n<p class=\"has-medium-font-size\"><strong>&#8220;La neige \u00e0 No\u00ebl&#8221;<\/strong><\/p>\n\n\n\n<figure class=\"wp-block-embed is-type-video is-provider-youtube wp-block-embed-youtube wp-embed-aspect-16-9 wp-has-aspect-ratio\"><div class=\"wp-block-embed__wrapper\">\n<iframe loading=\"lazy\" title=\"Le Fran\u00e7ais (Le Francais) - &quot; La neige \u00e0 No\u00ebl &quot; videoclip\" width=\"950\" height=\"534\" src=\"https:\/\/www.youtube.com\/embed\/0qkXwBll_Uk?feature=oembed\" frameborder=\"0\" allow=\"accelerometer; autoplay; clipboard-write; encrypted-media; gyroscope; picture-in-picture; web-share\" allowfullscreen><\/iframe>\n<\/div><\/figure>\n","protected":false},"excerpt":{"rendered":"<p>&#8220;My Yellow Renault 5&#8221; &#8220;Comme si c&#8217;\u00e9tait comme \u00e7a&#8221; lyric video : &#8220;Zo\u00e9 (Comme elle est belle)&#8220; &#8220;You Are My Private Angel&#8221; (acoustic version in Marrakech) &#8220;Bed And Breakfast In Paradise&#8221; &#8220;M\u00e9nilmontant&#8221; &#8220;La neige \u00e0 No\u00ebl&#8221;<\/p>\n","protected":false},"author":1,"featured_media":478,"parent":0,"menu_order":0,"comment_status":"closed","ping_status":"closed","template":"","meta":{"inspiro_hide_title":false,"footnotes":""},"class_list":["post-118","page","type-page","status-publish","has-post-thumbnail","hentry"],"featured_media_urls":{"thumbnail":["https:\/\/erikskarbaroux.com\/wp-content\/uploads\/2023\/11\/YELLOW-RENAULT-5-HEADER-YOUTUBE-ERIK-SKAR-BAROUX-2048x1152-1-150x150.jpg",150,150,true],"medium":["https:\/\/erikskarbaroux.com\/wp-content\/uploads\/2023\/11\/YELLOW-RENAULT-5-HEADER-YOUTUBE-ERIK-SKAR-BAROUX-2048x1152-1-300x169.jpg",300,169,true],"medium_large":["https:\/\/erikskarbaroux.com\/wp-content\/uploads\/2023\/11\/YELLOW-RENAULT-5-HEADER-YOUTUBE-ERIK-SKAR-BAROUX-2048x1152-1-768x432.jpg",768,432,true],"large":["https:\/\/erikskarbaroux.com\/wp-content\/uploads\/2023\/11\/YELLOW-RENAULT-5-HEADER-YOUTUBE-ERIK-SKAR-BAROUX-2048x1152-1-1024x576.jpg",950,534,true],"1536x1536":["https:\/\/erikskarbaroux.com\/wp-content\/uploads\/2023\/11\/YELLOW-RENAULT-5-HEADER-YOUTUBE-ERIK-SKAR-BAROUX-2048x1152-1-1536x864.jpg",1536,864,true],"2048x2048":["https:\/\/erikskarbaroux.com\/wp-content\/uploads\/2023\/11\/YELLOW-RENAULT-5-HEADER-YOUTUBE-ERIK-SKAR-BAROUX-2048x1152-1.jpg",2048,1152,false],"inspiro-featured-image":["https:\/\/erikskarbaroux.com\/wp-content\/uploads\/2023\/11\/YELLOW-RENAULT-5-HEADER-YOUTUBE-ERIK-SKAR-BAROUX-2048x1152-1-2000x1125.jpg",2000,1125,true],"inspiro-loop":["https:\/\/erikskarbaroux.com\/wp-content\/uploads\/2023\/11\/YELLOW-RENAULT-5-HEADER-YOUTUBE-ERIK-SKAR-BAROUX-2048x1152-1-950x320.jpg",950,320,true],"inspiro-loop@2x":["https:\/\/erikskarbaroux.com\/wp-content\/uploads\/2023\/11\/YELLOW-RENAULT-5-HEADER-YOUTUBE-ERIK-SKAR-BAROUX-2048x1152-1-1900x640.jpg",1900,640,true],"portfolio_item-thumbnail":["https:\/\/erikskarbaroux.com\/wp-content\/uploads\/2023\/11\/YELLOW-RENAULT-5-HEADER-YOUTUBE-ERIK-SKAR-BAROUX-2048x1152-1-600x400.jpg",600,400,true],"portfolio_item-thumbnail@2x":["https:\/\/erikskarbaroux.com\/wp-content\/uploads\/2023\/11\/YELLOW-RENAULT-5-HEADER-YOUTUBE-ERIK-SKAR-BAROUX-2048x1152-1-1200x800.jpg",1200,800,true],"portfolio_item-masonry":["https:\/\/erikskarbaroux.com\/wp-content\/uploads\/2023\/11\/YELLOW-RENAULT-5-HEADER-YOUTUBE-ERIK-SKAR-BAROUX-2048x1152-1-600x338.jpg",600,338,true],"portfolio_item-masonry@2x":["https:\/\/erikskarbaroux.com\/wp-content\/uploads\/2023\/11\/YELLOW-RENAULT-5-HEADER-YOUTUBE-ERIK-SKAR-BAROUX-2048x1152-1-1200x675.jpg",1200,675,true],"portfolio_item-thumbnail_cinema":["https:\/\/erikskarbaroux.com\/wp-content\/uploads\/2023\/11\/YELLOW-RENAULT-5-HEADER-YOUTUBE-ERIK-SKAR-BAROUX-2048x1152-1-800x335.jpg",800,335,true],"portfolio_item-thumbnail_portrait":["https:\/\/erikskarbaroux.com\/wp-content\/uploads\/2023\/11\/YELLOW-RENAULT-5-HEADER-YOUTUBE-ERIK-SKAR-BAROUX-2048x1152-1-600x900.jpg",600,900,true],"portfolio_item-thumbnail_portrait@2x":["https:\/\/erikskarbaroux.com\/wp-content\/uploads\/2023\/11\/YELLOW-RENAULT-5-HEADER-YOUTUBE-ERIK-SKAR-BAROUX-2048x1152-1-1200x1152.jpg",1200,1152,true],"portfolio_item-thumbnail_square":["https:\/\/erikskarbaroux.com\/wp-content\/uploads\/2023\/11\/YELLOW-RENAULT-5-HEADER-YOUTUBE-ERIK-SKAR-BAROUX-2048x1152-1-800x800.jpg",800,800,true]},"_links":{"self":[{"href":"https:\/\/erikskarbaroux.com\/index.php?rest_route=\/wp\/v2\/pages\/118","targetHints":{"allow":["GET"]}}],"collection":[{"href":"https:\/\/erikskarbaroux.com\/index.php?rest_route=\/wp\/v2\/pages"}],"about":[{"href":"https:\/\/erikskarbaroux.com\/index.php?rest_route=\/wp\/v2\/types\/page"}],"author":[{"embeddable":true,"href":"https:\/\/erikskarbaroux.com\/index.php?rest_route=\/wp\/v2\/users\/1"}],"replies":[{"embeddable":true,"href":"https:\/\/erikskarbaroux.com\/index.php?rest_route=%2Fwp%2Fv2%2Fcomments&post=118"}],"version-history":[{"count":8,"href":"https:\/\/erikskarbaroux.com\/index.php?rest_route=\/wp\/v2\/pages\/118\/revisions"}],"predecessor-version":[{"id":477,"href":"https:\/\/erikskarbaroux.com\/index.php?rest_route=\/wp\/v2\/pages\/118\/revisions\/477"}],"wp:featuredmedia":[{"embeddable":true,"href":"https:\/\/erikskarbaroux.com\/index.php?rest_route=\/wp\/v2\/media\/478"}],"wp:attachment":[{"href":"https:\/\/erikskarbaroux.com\/index.php?rest_route=%2Fwp%2Fv2%2Fmedia&parent=118"}],"curies":[{"name":"wp","href":"https:\/\/api.w.org\/{rel}","templated":true}]}}