{"id":124,"date":"2023-01-20T17:27:48","date_gmt":"2023-01-20T17:27:48","guid":{"rendered":"https:\/\/erikskarbaroux.com\/?page_id=124"},"modified":"2024-12-12T10:32:38","modified_gmt":"2024-12-12T10:32:38","slug":"dates","status":"publish","type":"page","link":"https:\/\/erikskarbaroux.com\/?page_id=124","title":{"rendered":"DATES"},"content":{"rendered":"\n<p class=\"has-x-large-font-size\"><strong>CONCERTS PRIV\u00c9S<\/strong> <\/p>\n\n\n\n<div class=\"wp-block-columns is-layout-flex wp-container-core-columns-is-layout-28f84493 wp-block-columns-is-layout-flex\">\n<div class=\"wp-block-column is-layout-flow wp-block-column-is-layout-flow\">\n<p>J&#8217;adore donner des concerts priv\u00e9s qui m\u00ealent reprises et compositions originales et me permettent d&#8217;interagir avec humour et amour avec le public. <br><strong>N&#8217;h\u00e9sitez pas \u00e0 me solliciter via Linkeband &gt;&gt;&gt;&gt;&gt;&gt;&gt;&gt;&gt;&gt;&gt;&gt;&gt;&gt;&gt;&gt;&gt;&gt;&gt;&gt;&gt;<\/strong><\/p>\n<\/div>\n\n\n\n<div class=\"wp-block-column is-layout-flow wp-block-column-is-layout-flow\">\n<!--Badge Linkaband g\u00e9n\u00e9r\u00e9 le 17-06-2024; Copyright Linkaband 2019--><a href='https:\/\/linkaband.com\/erik-skar-baroux?utm_source=badge&#038;utm_campaign=139280' target='_blank' rel=\"noopener\"><img src='https:\/\/linkaband.com\/assets\/images\/validation\/reservation-noir.png' alt='Erik-skar-baroux' style='width: 130px; height: 130px;'\/><\/a>\n<\/div>\n<\/div>\n\n\n\n<hr class=\"wp-block-separator has-alpha-channel-opacity is-style-wide\"\/>\n\n\n\n<p class=\"has-x-large-font-size\"><strong>2025<\/strong> : THE &#8220;70&#8217;s&#8221; TOUR<\/p>\n\n\n\n<p>&#8220;70&#8217;s&#8221;, c&#8217;est le nom de mon dernier album. Pourquoi &#8220;70&#8217;s&#8221;.<\/p>\n\n\n\n<p>Il propose musicalement de faire un voyage de 100 ans dans le pass\u00e9, le pr\u00e9sent et le futur, avec une s\u00e9rie de plong\u00e9es dans les ann\u00e9es 1970 et les r\u00eaves qui guidaient la jeunesse de l\u2019\u00e9poque, un point sur ce que ces r\u00eaves sont devenus, et une invitation \u00e0 r\u00e9imaginer les ann\u00e9es 70 de l\u2019an 2000.<\/p>\n\n\n\n<p>La musique est bas\u00e9e essentiellement sur la guitare \u00e9lectrique, ce qui est assez anachronique avec notre \u00e9poque qui voit fleurir des \u201cartistes\u201d qui ne jouent aucun instrument et se contentent de mettre des samples dans un logiciel souvent au hasard. Tous les instruments (ou presque) dans mon album sont r\u00e9els, quelques sons apportant la touche moderne sont cr\u00e9\u00e9s \u00e0 partir de sons r\u00e9els de guitare piano ou synth\u00e9, et bidouill\u00e9s par des filtres informatiques.<\/p>\n\n\n\n<hr class=\"wp-block-separator has-alpha-channel-opacity is-style-wide\"\/>\n\n\n\n<p class=\"has-medium-font-size\"><strong>AVANT PREMI\u00c8RE : 16 MARS 2025, ARRAS (62), LE PONT DE SINGE<\/strong><\/p>\n\n\n\n<p>ERIK SKAR BAROUX + GUESTS : INGRID COURR\u00c8GES, GEORGIE, SAINT NEGUS.<\/p>\n\n\n\n<p class=\"has-text-color has-link-color wp-elements-3e3272671c3d38346fb21f379b2ee3cb\" style=\"color:#018cfe\"><a href=\"https:\/\/www.billetweb.fr\/concert-erik-skar-baroux\">https:\/\/www.billetweb.fr\/concert-erik-skar-baroux<\/a><\/p>\n\n\n\n<hr class=\"wp-block-separator has-alpha-channel-opacity is-style-wide\"\/>\n\n\n\n<figure class=\"wp-block-image size-large\"><img loading=\"lazy\" decoding=\"async\" width=\"1024\" height=\"424\" src=\"https:\/\/erikskarbaroux.com\/wp-content\/uploads\/2023\/12\/ERIK-SKAR-BAROUX-FORGES-LES-EAUX-PANO-1024x424.jpg\" alt=\"\" class=\"wp-image-492\" srcset=\"https:\/\/erikskarbaroux.com\/wp-content\/uploads\/2023\/12\/ERIK-SKAR-BAROUX-FORGES-LES-EAUX-PANO-1024x424.jpg 1024w, https:\/\/erikskarbaroux.com\/wp-content\/uploads\/2023\/12\/ERIK-SKAR-BAROUX-FORGES-LES-EAUX-PANO-300x124.jpg 300w, https:\/\/erikskarbaroux.com\/wp-content\/uploads\/2023\/12\/ERIK-SKAR-BAROUX-FORGES-LES-EAUX-PANO-768x318.jpg 768w, https:\/\/erikskarbaroux.com\/wp-content\/uploads\/2023\/12\/ERIK-SKAR-BAROUX-FORGES-LES-EAUX-PANO-1536x636.jpg 1536w, https:\/\/erikskarbaroux.com\/wp-content\/uploads\/2023\/12\/ERIK-SKAR-BAROUX-FORGES-LES-EAUX-PANO-2048x847.jpg 2048w, https:\/\/erikskarbaroux.com\/wp-content\/uploads\/2023\/12\/ERIK-SKAR-BAROUX-FORGES-LES-EAUX-PANO-2000x827.jpg 2000w, https:\/\/erikskarbaroux.com\/wp-content\/uploads\/2023\/12\/ERIK-SKAR-BAROUX-FORGES-LES-EAUX-PANO-600x248.jpg 600w, https:\/\/erikskarbaroux.com\/wp-content\/uploads\/2023\/12\/ERIK-SKAR-BAROUX-FORGES-LES-EAUX-PANO-1200x496.jpg 1200w\" sizes=\"auto, (max-width: 1024px) 100vw, 1024px\" \/><\/figure>\n\n\n\n<figure class=\"wp-block-image size-large is-resized\"><img loading=\"lazy\" decoding=\"async\" width=\"683\" height=\"1024\" src=\"https:\/\/erikskarbaroux.com\/wp-content\/uploads\/2023\/12\/IMG_4892-683x1024.jpg\" alt=\"\" class=\"wp-image-494\" style=\"width:846px;height:auto\" srcset=\"https:\/\/erikskarbaroux.com\/wp-content\/uploads\/2023\/12\/IMG_4892-683x1024.jpg 683w, https:\/\/erikskarbaroux.com\/wp-content\/uploads\/2023\/12\/IMG_4892-200x300.jpg 200w, https:\/\/erikskarbaroux.com\/wp-content\/uploads\/2023\/12\/IMG_4892-768x1152.jpg 768w, https:\/\/erikskarbaroux.com\/wp-content\/uploads\/2023\/12\/IMG_4892-1024x1536.jpg 1024w, https:\/\/erikskarbaroux.com\/wp-content\/uploads\/2023\/12\/IMG_4892-1365x2048.jpg 1365w, https:\/\/erikskarbaroux.com\/wp-content\/uploads\/2023\/12\/IMG_4892-600x900.jpg 600w, https:\/\/erikskarbaroux.com\/wp-content\/uploads\/2023\/12\/IMG_4892-1200x1800.jpg 1200w, https:\/\/erikskarbaroux.com\/wp-content\/uploads\/2023\/12\/IMG_4892-scaled.jpg 1707w\" sizes=\"auto, (max-width: 683px) 100vw, 683px\" \/><\/figure>\n\n\n\n<figure class=\"wp-block-gallery has-nested-images columns-default is-cropped wp-block-gallery-1 is-layout-flex wp-block-gallery-is-layout-flex\">\n<figure class=\"wp-block-image size-large\"><img loading=\"lazy\" decoding=\"async\" width=\"724\" height=\"1024\" data-id=\"130\" src=\"https:\/\/erikskarbaroux.com\/wp-content\/uploads\/2023\/01\/ERIK-SKAR-BAROUX-LA-TOURNEE-INNOCENTE-POSTERS-10-724x1024.jpg\" alt=\"\" class=\"wp-image-130\" srcset=\"https:\/\/erikskarbaroux.com\/wp-content\/uploads\/2023\/01\/ERIK-SKAR-BAROUX-LA-TOURNEE-INNOCENTE-POSTERS-10-724x1024.jpg 724w, https:\/\/erikskarbaroux.com\/wp-content\/uploads\/2023\/01\/ERIK-SKAR-BAROUX-LA-TOURNEE-INNOCENTE-POSTERS-10-212x300.jpg 212w, https:\/\/erikskarbaroux.com\/wp-content\/uploads\/2023\/01\/ERIK-SKAR-BAROUX-LA-TOURNEE-INNOCENTE-POSTERS-10-768x1086.jpg 768w, https:\/\/erikskarbaroux.com\/wp-content\/uploads\/2023\/01\/ERIK-SKAR-BAROUX-LA-TOURNEE-INNOCENTE-POSTERS-10-1087x1536.jpg 1087w, https:\/\/erikskarbaroux.com\/wp-content\/uploads\/2023\/01\/ERIK-SKAR-BAROUX-LA-TOURNEE-INNOCENTE-POSTERS-10-1449x2048.jpg 1449w, https:\/\/erikskarbaroux.com\/wp-content\/uploads\/2023\/01\/ERIK-SKAR-BAROUX-LA-TOURNEE-INNOCENTE-POSTERS-10-600x848.jpg 600w, https:\/\/erikskarbaroux.com\/wp-content\/uploads\/2023\/01\/ERIK-SKAR-BAROUX-LA-TOURNEE-INNOCENTE-POSTERS-10.jpg 1755w\" sizes=\"auto, (max-width: 724px) 100vw, 724px\" \/><\/figure>\n<\/figure>\n\n\n\n<figure class=\"wp-block-image size-large\"><img loading=\"lazy\" decoding=\"async\" width=\"1024\" height=\"672\" src=\"https:\/\/erikskarbaroux.com\/wp-content\/uploads\/2023\/03\/ERIK-SKAR-BAROUX-SAINT-FELIX-DE-REILHAC-2023-02-18-3-1024x672.jpg\" alt=\"\" class=\"wp-image-387\" srcset=\"https:\/\/erikskarbaroux.com\/wp-content\/uploads\/2023\/03\/ERIK-SKAR-BAROUX-SAINT-FELIX-DE-REILHAC-2023-02-18-3-1024x672.jpg 1024w, https:\/\/erikskarbaroux.com\/wp-content\/uploads\/2023\/03\/ERIK-SKAR-BAROUX-SAINT-FELIX-DE-REILHAC-2023-02-18-3-300x197.jpg 300w, https:\/\/erikskarbaroux.com\/wp-content\/uploads\/2023\/03\/ERIK-SKAR-BAROUX-SAINT-FELIX-DE-REILHAC-2023-02-18-3-768x504.jpg 768w, https:\/\/erikskarbaroux.com\/wp-content\/uploads\/2023\/03\/ERIK-SKAR-BAROUX-SAINT-FELIX-DE-REILHAC-2023-02-18-3-1536x1008.jpg 1536w, https:\/\/erikskarbaroux.com\/wp-content\/uploads\/2023\/03\/ERIK-SKAR-BAROUX-SAINT-FELIX-DE-REILHAC-2023-02-18-3-2048x1344.jpg 2048w, https:\/\/erikskarbaroux.com\/wp-content\/uploads\/2023\/03\/ERIK-SKAR-BAROUX-SAINT-FELIX-DE-REILHAC-2023-02-18-3-2000x1313.jpg 2000w, https:\/\/erikskarbaroux.com\/wp-content\/uploads\/2023\/03\/ERIK-SKAR-BAROUX-SAINT-FELIX-DE-REILHAC-2023-02-18-3-600x394.jpg 600w\" sizes=\"auto, (max-width: 1024px) 100vw, 1024px\" \/><\/figure>\n\n\n\n<figure class=\"wp-block-image size-large\"><img loading=\"lazy\" decoding=\"async\" width=\"1024\" height=\"774\" src=\"https:\/\/erikskarbaroux.com\/wp-content\/uploads\/2023\/03\/ERIK-SKAR-BAROUX-SAINT-FELIX-DE-REILHAC-2023-02-18-1-1024x774.jpg\" alt=\"\" class=\"wp-image-388\" srcset=\"https:\/\/erikskarbaroux.com\/wp-content\/uploads\/2023\/03\/ERIK-SKAR-BAROUX-SAINT-FELIX-DE-REILHAC-2023-02-18-1-1024x774.jpg 1024w, https:\/\/erikskarbaroux.com\/wp-content\/uploads\/2023\/03\/ERIK-SKAR-BAROUX-SAINT-FELIX-DE-REILHAC-2023-02-18-1-300x227.jpg 300w, https:\/\/erikskarbaroux.com\/wp-content\/uploads\/2023\/03\/ERIK-SKAR-BAROUX-SAINT-FELIX-DE-REILHAC-2023-02-18-1-768x581.jpg 768w, https:\/\/erikskarbaroux.com\/wp-content\/uploads\/2023\/03\/ERIK-SKAR-BAROUX-SAINT-FELIX-DE-REILHAC-2023-02-18-1-1536x1161.jpg 1536w, https:\/\/erikskarbaroux.com\/wp-content\/uploads\/2023\/03\/ERIK-SKAR-BAROUX-SAINT-FELIX-DE-REILHAC-2023-02-18-1-2048x1548.jpg 2048w, https:\/\/erikskarbaroux.com\/wp-content\/uploads\/2023\/03\/ERIK-SKAR-BAROUX-SAINT-FELIX-DE-REILHAC-2023-02-18-1-2000x1512.jpg 2000w, https:\/\/erikskarbaroux.com\/wp-content\/uploads\/2023\/03\/ERIK-SKAR-BAROUX-SAINT-FELIX-DE-REILHAC-2023-02-18-1-600x454.jpg 600w\" sizes=\"auto, (max-width: 1024px) 100vw, 1024px\" \/><\/figure>\n\n\n\n<figure class=\"wp-block-image size-large is-resized\"><img loading=\"lazy\" decoding=\"async\" width=\"683\" height=\"1024\" src=\"https:\/\/erikskarbaroux.com\/wp-content\/uploads\/2023\/03\/ERIK-SKAR-BAROUX-SAINT-FELIX-DE-REILHAC-2023-02-18-4-683x1024.jpg\" alt=\"\" class=\"wp-image-389\" style=\"width:841px;height:1261px\" srcset=\"https:\/\/erikskarbaroux.com\/wp-content\/uploads\/2023\/03\/ERIK-SKAR-BAROUX-SAINT-FELIX-DE-REILHAC-2023-02-18-4-683x1024.jpg 683w, https:\/\/erikskarbaroux.com\/wp-content\/uploads\/2023\/03\/ERIK-SKAR-BAROUX-SAINT-FELIX-DE-REILHAC-2023-02-18-4-200x300.jpg 200w, https:\/\/erikskarbaroux.com\/wp-content\/uploads\/2023\/03\/ERIK-SKAR-BAROUX-SAINT-FELIX-DE-REILHAC-2023-02-18-4-768x1152.jpg 768w, https:\/\/erikskarbaroux.com\/wp-content\/uploads\/2023\/03\/ERIK-SKAR-BAROUX-SAINT-FELIX-DE-REILHAC-2023-02-18-4-1024x1536.jpg 1024w, https:\/\/erikskarbaroux.com\/wp-content\/uploads\/2023\/03\/ERIK-SKAR-BAROUX-SAINT-FELIX-DE-REILHAC-2023-02-18-4-1365x2048.jpg 1365w, https:\/\/erikskarbaroux.com\/wp-content\/uploads\/2023\/03\/ERIK-SKAR-BAROUX-SAINT-FELIX-DE-REILHAC-2023-02-18-4-2000x3000.jpg 2000w, https:\/\/erikskarbaroux.com\/wp-content\/uploads\/2023\/03\/ERIK-SKAR-BAROUX-SAINT-FELIX-DE-REILHAC-2023-02-18-4-600x900.jpg 600w, https:\/\/erikskarbaroux.com\/wp-content\/uploads\/2023\/03\/ERIK-SKAR-BAROUX-SAINT-FELIX-DE-REILHAC-2023-02-18-4-scaled.jpg 1707w\" sizes=\"auto, (max-width: 683px) 100vw, 683px\" \/><\/figure>\n","protected":false},"excerpt":{"rendered":"<p>CONCERTS PRIV\u00c9S J&#8217;adore donner des concerts priv\u00e9s qui m\u00ealent reprises et compositions originales et me permettent d&#8217;interagir avec humour et amour avec le public. N&#8217;h\u00e9sitez pas \u00e0 me solliciter via Linkeband &gt;&gt;&gt;&gt;&gt;&gt;&gt;&gt;&gt;&gt;&gt;&gt;&gt;&gt;&gt;&gt;&gt;&gt;&gt;&gt;&gt; 2025 : THE &#8220;70&#8217;s&#8221; TOUR &#8220;70&#8217;s&#8221;, c&#8217;est le nom de mon dernier album. Pourquoi &#8220;70&#8217;s&#8221;. Il propose musicalement de faire un voyage de &hellip; <\/p>\n<p class=\"link-more\"><a href=\"https:\/\/erikskarbaroux.com\/?page_id=124\" class=\"more-link\">Read more<span class=\"screen-reader-text\"> &#8220;DATES&#8221;<\/span><\/a><\/p>\n","protected":false},"author":1,"featured_media":133,"parent":0,"menu_order":0,"comment_status":"closed","ping_status":"closed","template":"","meta":{"inspiro_hide_title":false,"footnotes":""},"class_list":["post-124","page","type-page","status-publish","has-post-thumbnail","hentry"],"featured_media_urls":{"thumbnail":["https:\/\/erikskarbaroux.com\/wp-content\/uploads\/2023\/01\/La-Francaise-Trussart-1-150x150.jpg",150,150,true],"medium":["https:\/\/erikskarbaroux.com\/wp-content\/uploads\/2023\/01\/La-Francaise-Trussart-1-300x169.jpg",300,169,true],"medium_large":["https:\/\/erikskarbaroux.com\/wp-content\/uploads\/2023\/01\/La-Francaise-Trussart-1-768x432.jpg",768,432,true],"large":["https:\/\/erikskarbaroux.com\/wp-content\/uploads\/2023\/01\/La-Francaise-Trussart-1-1024x576.jpg",950,534,true],"1536x1536":["https:\/\/erikskarbaroux.com\/wp-content\/uploads\/2023\/01\/La-Francaise-Trussart-1-1536x863.jpg",1536,863,true],"2048x2048":["https:\/\/erikskarbaroux.com\/wp-content\/uploads\/2023\/01\/La-Francaise-Trussart-1.jpg",1617,909,false],"inspiro-featured-image":["https:\/\/erikskarbaroux.com\/wp-content\/uploads\/2023\/01\/La-Francaise-Trussart-1.jpg",1617,909,false],"inspiro-loop":["https:\/\/erikskarbaroux.com\/wp-content\/uploads\/2023\/01\/La-Francaise-Trussart-1-950x320.jpg",950,320,true],"inspiro-loop@2x":["https:\/\/erikskarbaroux.com\/wp-content\/uploads\/2023\/01\/La-Francaise-Trussart-1-1617x640.jpg",1617,640,true],"portfolio_item-thumbnail":["https:\/\/erikskarbaroux.com\/wp-content\/uploads\/2023\/01\/La-Francaise-Trussart-1-600x400.jpg",600,400,true],"portfolio_item-thumbnail@2x":["https:\/\/erikskarbaroux.com\/wp-content\/uploads\/2023\/01\/La-Francaise-Trussart-1-1200x800.jpg",1200,800,true],"portfolio_item-masonry":["https:\/\/erikskarbaroux.com\/wp-content\/uploads\/2023\/01\/La-Francaise-Trussart-1-600x337.jpg",600,337,true],"portfolio_item-masonry@2x":["https:\/\/erikskarbaroux.com\/wp-content\/uploads\/2023\/01\/La-Francaise-Trussart-1-1200x675.jpg",1200,675,true],"portfolio_item-thumbnail_cinema":["https:\/\/erikskarbaroux.com\/wp-content\/uploads\/2023\/01\/La-Francaise-Trussart-1-800x335.jpg",800,335,true],"portfolio_item-thumbnail_portrait":["https:\/\/erikskarbaroux.com\/wp-content\/uploads\/2023\/01\/La-Francaise-Trussart-1-600x900.jpg",600,900,true],"portfolio_item-thumbnail_portrait@2x":["https:\/\/erikskarbaroux.com\/wp-content\/uploads\/2023\/01\/La-Francaise-Trussart-1-1200x909.jpg",1200,909,true],"portfolio_item-thumbnail_square":["https:\/\/erikskarbaroux.com\/wp-content\/uploads\/2023\/01\/La-Francaise-Trussart-1-800x800.jpg",800,800,true]},"_links":{"self":[{"href":"https:\/\/erikskarbaroux.com\/index.php?rest_route=\/wp\/v2\/pages\/124","targetHints":{"allow":["GET"]}}],"collection":[{"href":"https:\/\/erikskarbaroux.com\/index.php?rest_route=\/wp\/v2\/pages"}],"about":[{"href":"https:\/\/erikskarbaroux.com\/index.php?rest_route=\/wp\/v2\/types\/page"}],"author":[{"embeddable":true,"href":"https:\/\/erikskarbaroux.com\/index.php?rest_route=\/wp\/v2\/users\/1"}],"replies":[{"embeddable":true,"href":"https:\/\/erikskarbaroux.com\/index.php?rest_route=%2Fwp%2Fv2%2Fcomments&post=124"}],"version-history":[{"count":42,"href":"https:\/\/erikskarbaroux.com\/index.php?rest_route=\/wp\/v2\/pages\/124\/revisions"}],"predecessor-version":[{"id":962,"href":"https:\/\/erikskarbaroux.com\/index.php?rest_route=\/wp\/v2\/pages\/124\/revisions\/962"}],"wp:featuredmedia":[{"embeddable":true,"href":"https:\/\/erikskarbaroux.com\/index.php?rest_route=\/wp\/v2\/media\/133"}],"wp:attachment":[{"href":"https:\/\/erikskarbaroux.com\/index.php?rest_route=%2Fwp%2Fv2%2Fmedia&parent=124"}],"curies":[{"name":"wp","href":"https:\/\/api.w.org\/{rel}","templated":true}]}}